{"id":584,"date":"2025-08-08T15:21:54","date_gmt":"2025-08-08T14:21:54","guid":{"rendered":"https:\/\/novo.esocvp.org\/?page_id=584"},"modified":"2025-08-29T13:37:17","modified_gmt":"2025-08-29T12:37:17","slug":"escola-de-socorrismo","status":"publish","type":"page","link":"https:\/\/novo.esocvp.org\/index.php\/escola-de-socorrismo\/","title":{"rendered":"Escola de Socorrismo"},"content":{"rendered":"\n<div class=\"wp-block-columns is-layout-flex wp-container-core-columns-is-layout-28f84493 wp-block-columns-is-layout-flex\">\n<div class=\"wp-block-column is-layout-flow wp-block-column-is-layout-flow\" style=\"flex-basis:66.66%\">\n<p class=\"has-medium-font-size\">A Cruz Vermelha Portuguesa \u00e9 pioneira na forma\u00e7\u00e3o em Primeiros Socorros desde 1947.<br><br>Atrav\u00e9s da Escola de Socorrismo, com a sua rede de Estruturas Locais, Colaboradores e Volunt\u00e1rios, est\u00e1 particularmente bem posicionada para promover e universalizar atividades de ensino de Primeiros Socorros, com uma interven\u00e7\u00e3o formativa abrangente.<br><br>De uma forma sistem\u00e1tica e cont\u00ednua, tem sido uma \u00e1rea de atividade que tem satisfeito as necessidades formativas neste tema n\u00e3o s\u00f3 para a popula\u00e7\u00e3o em geral, como para as entidades relacionadas com a emerg\u00eancia pr\u00e9-hospitalar e para as empresas no \u00e2mbito da Seguran\u00e7a, Higiene e Sa\u00fade no Trabalho.<\/p>\n<\/div>\n\n\n\n<div class=\"wp-block-column is-vertically-aligned-center is-layout-flow wp-block-column-is-layout-flow\" style=\"flex-basis:33.33%\">\n<figure class=\"wp-block-image aligncenter size-large\"><img loading=\"lazy\" decoding=\"async\" width=\"1024\" height=\"724\" src=\"https:\/\/novo.esocvp.org\/wp-content\/uploads\/2025\/08\/imagem_ESO_SOBRE-1024x724.jpg\" alt=\"\" class=\"wp-image-585\" srcset=\"https:\/\/novo.esocvp.org\/wp-content\/uploads\/2025\/08\/imagem_ESO_SOBRE-1024x724.jpg 1024w, https:\/\/novo.esocvp.org\/wp-content\/uploads\/2025\/08\/imagem_ESO_SOBRE-300x212.jpg 300w, https:\/\/novo.esocvp.org\/wp-content\/uploads\/2025\/08\/imagem_ESO_SOBRE-768x543.jpg 768w, https:\/\/novo.esocvp.org\/wp-content\/uploads\/2025\/08\/imagem_ESO_SOBRE.jpg 1400w\" sizes=\"auto, (max-width: 1024px) 100vw, 1024px\" \/><\/figure>\n<\/div>\n<\/div>\n\n\n\n<p><\/p>\n","protected":false},"excerpt":{"rendered":"<p>A Cruz Vermelha Portuguesa \u00e9 pioneira na forma\u00e7\u00e3o em Primeiros Socorros desde 1947. Atrav\u00e9s da Escola de Socorrismo, com a sua rede de Estruturas Locais, Colaboradores e Volunt\u00e1rios, est\u00e1 particularmente bem posicionada para promover e universalizar atividades de ensino de Primeiros Socorros, com uma interven\u00e7\u00e3o formativa abrangente. De uma forma sistem\u00e1tica e cont\u00ednua, tem sido [&hellip;]<\/p>\n","protected":false},"author":1,"featured_media":0,"parent":0,"menu_order":0,"comment_status":"closed","ping_status":"closed","template":"wp-custom-template-eso","meta":{"_mc_calendar":[],"footnotes":""},"class_list":["post-584","page","type-page","status-publish","hentry"],"_links":{"self":[{"href":"https:\/\/novo.esocvp.org\/index.php\/wp-json\/wp\/v2\/pages\/584","targetHints":{"allow":["GET"]}}],"collection":[{"href":"https:\/\/novo.esocvp.org\/index.php\/wp-json\/wp\/v2\/pages"}],"about":[{"href":"https:\/\/novo.esocvp.org\/index.php\/wp-json\/wp\/v2\/types\/page"}],"author":[{"embeddable":true,"href":"https:\/\/novo.esocvp.org\/index.php\/wp-json\/wp\/v2\/users\/1"}],"replies":[{"embeddable":true,"href":"https:\/\/novo.esocvp.org\/index.php\/wp-json\/wp\/v2\/comments?post=584"}],"version-history":[{"count":7,"href":"https:\/\/novo.esocvp.org\/index.php\/wp-json\/wp\/v2\/pages\/584\/revisions"}],"predecessor-version":[{"id":853,"href":"https:\/\/novo.esocvp.org\/index.php\/wp-json\/wp\/v2\/pages\/584\/revisions\/853"}],"wp:attachment":[{"href":"https:\/\/novo.esocvp.org\/index.php\/wp-json\/wp\/v2\/media?parent=584"}],"curies":[{"name":"wp","href":"https:\/\/api.w.org\/{rel}","templated":true}]}}